01000111111001
In base 5, what is -20 + -110342?
-110412
In base 16, what is -8 - -19d16?
19d0e
In base 4, what is 10 + -101230322?
-101230312
In base 2, what is -101010111101 + 1000111100?
-100010000001
In base 4, what is -23010102300 + -3?
-23010102303
In base 5, what is 2 + 3442042?
3442044
In base 4, what is -1101 - 3003203?
-3010310
In base 2, what is 100010111100101 + -11?
100010111100010
In base 6, what is 10 + -1055415?
-1055405
In base 12, what is -122 + 341?
21b
In base 11, what is 3676 + 112?
3788
In base 12, what is -702ab - 9?
-702b8
In base 8, what is 31571 + 4?
31575
In base 6, what is -14122 - 1?
-14123
In base 8, what is -4 + 40530?
40524
In base 16, what is -29 - 141a?
-1443
In base 14, what is 209 + -2d?
1ba
In base 11, what is -26 + 352?
327
In base 9, what is 534 + 32?
566
In base 10, what is 563409 - 1?
563408
In base 15, what is -3a892 - 4?
-3a896
In base 8, what is 4 + -606666?
-606662
In base 4, what is -100 - 1131003?
-1131103
In base 8, what is 7022 - -1?
7023
In base 9, what is -1225 - 77?
-1313
In base 2, what is -10000010110111 + 111?
-10000010110000
In base 8, what is -75222 - -15?
-75205
In base 10, what is 37300 + -25?
37275
In base 9, what is -23304 - 18?
-23323
In base 2, what is -100 - -10100001100100110?
10100001100100010
In base 3, what is -120210 + 12210?
-101000
In base 3, what is 11 + 111002121?
111002202
In base 4, what is -3102012 + 100?
-3101312
In base 3, what is -12112 - 10010211?
-10100100
In base 14, what is b - -46531?
4653c
In base 6, what is -42120 + 0?
-42120
In base 4, what is 10220120 + -3?
10220111
In base 12, what is -793071 - 4?
-793075
In base 4, what is -1331 - -1?
-1330
In base 6, what is -2 + 3400501?
3400455
In base 11, what is 2 - 11a952?
-11a950
In base 4, what is 13 + 103120?
103133
In base 10, what is -476390 - 2?
-476392
In base 3, what is 0 - 1102211002?
-1102211002
In base 16, what is c + -1a6?
-19a
In base 7, what is 13654 - -100?
14054
In base 15, what is 1c5 - 141?
84
In base 6, what is 113 + -20322?
-20205
In base 7, what is -14 - 1250?
-1264
In base 12, what is 54b2 - 3b?
5473
In base 7, what is 146 - -1544?
2023
In base 15, what is 11e - -25?
144
In base 10, what is 3 - 3570?
-3567
In base 6, what is -11051214 + 1?
-11051213
In base 12, what is -2 + -33bab?
-33bb1
In base 9, what is 1 - -108858?
108860
In base 14, what is -aa - 6?
-b2
In base 4, what is 1120 + 13111301?
13113021
In base 6, what is 4043 + -23535?
-15452
In base 5, what is -442111443 - 3?
-442112001
In base 4, what is -1122211 + 122?
-1122023
In base 12, what is -25b3 + 0?
-25b3
In base 9, what is -4 - 64036?
-64041
In base 11, what is 291 + -116?
176
In base 14, what is -46d - 38?
-4a7
In base 12, what is -22307 - 40?
-22347
In base 7, what is 11 + 3335?
3346
In base 16, what is -2 - 5d66?
-5d68
In base 15, what is 810 - -44?
854
In base 2, what is 1010000000010 - 11110000?
1001100010010
In base 13, what is -916 - -70a?
-209
In base 9, what is 80 - -35?
125
In base 11, what is 28 + -a972?
-a945
In base 14, what is 76987 + 1?
76988
In base 16, what is b9b9 + 4?
b9bd
In base 10, what is 0 + -89289?
-89289
In base 2, what is -100001 - 101000101011001?
-101000101111010
In base 3, what is 1 + -1111010?
-1111002
In base 6, what is 12 - 5355351?
-5355335
In base 15, what is 134c - -3?
1350
In base 8, what is -104776 + 2?
-104774
In base 8, what is -5 + 22317?
22312
In base 4, what is 30213 - -3121?
100000
In base 13, what is 22 + -292?
-270
In base 10, what is 14 - -15022?
15036
In base 12, what is 4 - -33916?
3391a
In base 15, what is -b8ac + 5?
-b8a7
In base 11, what is -260750 + 3?
-260748
In base 8, what is -3 - -3117306?
3117303
In base 14, what is 1bb1 - 4c?
1b63
In base 10, what is 964 - 58?
906
In base 16, what is -7f - 5f6?
-675
In base 8, what is 503 + -255?
226
In base 16, what is -3 - -80de?
80db
In base 10, what is -2560900 - -5?
-2560895
In base 16, what is -9f38 - 1?
-9f39
In base 4, what is -11 - -1103121212?
1103121201
In base 3, what is 11 + -1012220?
-1012202
In base 16, what is -a + a78?
a6e
In base 13, what is -2 - -696?
694
In base 7, what is -145 + 25?
-120
In base 7, what is -2 - -3660502?
3660500
In base 6, what is -1544 + 213?
-1331
In base 11, what is 2 + 30306?
30308
In base 15, what is 6028 + 9?
6032
In base 15, what is -3 + 2e15?
2e12
In base 4, what is 230 - -2221233?
2222123
In base 7, what is -111515 - -3?
-111512
In base 15, what is 7 + 2b2e?
2b36
In base 9, what is 345735 + 3?
345738
In base 16, what is -1c5 + -238?
-3fd
In base 8, what is -62771 + 131?
-62640
In base 11, what is 937 - -17?
953
In base 7, what is 1 + -1502622?
-1502621
In base 11, what is 188a20 - -8?
188a28
In base 10, what is -6244 + -22?
-6266
In base 12, what is -79 - 30?
-a9
In base 8, what is -77 + 240?
141
In base 16, what is 6995 + 53?
69e8
In base 7, what is -14021 + -1?
-14022
In base 8, what is 4 - 1376106?
-1376102
In base 5, what is 102 - -14212314?
14212421
In base 8, what is 121 + -10067?
-7746
In base 14, what is 3 + a196a?
a196d
In base 14, what is 5b4ac - 3?
5b4a9
In base 4, what is -33331 - 212?
-100203
In base 8, what is -20 - 160671?
-160711
In base 11, what is -30 - -557?
527
In base 11, what is 169 + 41?
1aa
In base 14, what is -7a7 + 24?
-783
In base 9, what is 58282 - -4?
58286
In base 3, what is 200022 - 212?
122110
In base 10, what is -1844 - 1003?
-2847
In base 2, what is -10101110 - 10010001000?
-10100110110
In base 7, what is 315663 - 3?
315660
In base 6, what is 44 + 120555?
121043
In base 11, what is -140181 - 1?
-140182
In base 6, what is -3 + 4354142?
4354135
In base 5, what is -333 - -114301?
113413
In base 2, what is 1000100111110100 - 111?
1000100111101101
In base 8, what is 2571 - 132?
2437
In base 13, what is 11cb99 - 5?
11cb94
In base 9, what is 5 - -17811?
17816
In base 16, what is 578b + 15?
57a0
In base 14, what is 4 - -2ca21?
2ca25
In base 7, what is 14164 - 33?
14131
In base 14, what is 67225 - -b?
67232
In base 16, what is -76a + -23?
-78d
In base 6, what is 1 - -2415411?
2415412
In base 15, what is 1c487 + -1?
1c486
In base 3, what is 0 + -2102010210102?
-2102010210102
In base 15, what is 870e - 0?
870e
In base 11, what is 38 + -33?
5
In base 13, what is 4 - 48983?
-4897c
In base 9, what is 13057 - 7?
13050
In base 5, what is -30 - 321412?
-321442
In base 7, what is -1 - 21452?
-21453
In base 6, what is 2234214 + -3?
2234211
In base 4, what is 111 + 1332312?
1333023
In base 16, what is 26 + f1?
117
In base 4, what is 3 - -13101331?
13102000
In base 15, what is -28355 - -10?
-28345
In base 8, what is 113713 + -1?
113712
In base 15, what is 16 - -1688?
169e
In base 15, what is -1 + -42545?
-42546
In base 9, what is -4 - 2135?
-2140
In base 7, what is -100 + -34?
-134
In base 7, what is -5 - -5500?
5462
In base 9, what is -32108 - -5?
-32103
In base 10, what is -4 - 71474?
-71478
In base 7, what is -3211 - -3?
-3205
In base 11, what is 3887432 + 5?
3887437
In base 3, what is -221022220211 + -1?
-221022220212
In base 6, what is -150 - -3124?
2534
In base 6, what is 202221 - 4?
202213
In base 6, what is 2301 + -15051?
-12350
In base 12, what is -13 - b1a9?
-b200
In base 8, what is 25323 + -1?
25322
In base 13, what is -96cb + 37?
-9694
In base 15, what is 9728b + -4?
97287
In base 2, what is -101100110 + 101001011?
-11011
In base 4, what is -201 - -1300230?
1300023
In base 15, what is -30 + -c131?
-c161
In base 5, what is 12 + 13440?
14002
In base 10, what is 835 + -283?
552
In base 5, what is -11343 + -14141?
-31034
In base 2, what is 10 + -11000000001011?
-11000000001001
In base 14, what is ba1 + cb?
c8c
In base 4, what is -21 - 23011200?
-23011221
In base 16, what is 1 + -1e73?
-1e72
In base 9, what is 2218 - 135?
2073
In base 8, what is -3542 + 2217?
-1323
In base 3, what is 200220 - 21200?
102020
In base 7, what is -13 - -10365?
10352
In base 10, what is -58 + -11314?
-11372
In base 14, what is 258 - 9c?
19a
In base 12, what is -9549 - 2?
-954b
In base 10, what is -35350 + 8?
-35342
In base 9, what is 74 - -87?
172
In base 7, what is -3 - 5301260?
-5301263
In base 10, what is -192 + 1802?
1610
In base 12, what is -18 - 3431?
-3449
In base 15, what is -3 - -38e?
38b
In base 8, what is 5 + 2755?
2762
In base 8, what is -167 - -37542?
37353
In base 10, what is 8